{"id":29,"date":"2020-01-08T21:19:55","date_gmt":"2020-01-08T20:19:55","guid":{"rendered":"http:\/\/dibali.sav.sk\/?page_id=29"},"modified":"2021-08-04T15:42:49","modified_gmt":"2021-08-04T13:42:49","slug":"contact","status":"publish","type":"page","link":"https:\/\/dibali.sav.sk\/index.php\/contact\/","title":{"rendered":"CONTACT"},"content":{"rendered":"\n<div class=\"is-layout-flow wp-block-group\"><div class=\"wp-block-group__inner-container\">\n<h4>FYZIKALNY USTAV SLOVENSKEJ AKADEMIE VIED, Slovakia<\/h4>\n\n\n\n<div class=\"is-layout-flow wp-block-group\"><div class=\"wp-block-group__inner-container\">\n<blockquote class=\"wp-block-quote is-style-default\"><p>D\u00fabravsk\u00e1 cesta 5807\/9, 845 11 Bratislava 45, Slovakia<\/p><p><strong>Contact person:<\/strong> Assoc. Prof. Martin Plesch, Ph.D.,  <a href=\"mailto:martin.plesch@savba.sk\">martin.plesch@savba.sk<\/a>  <\/p><\/blockquote>\n<\/div><\/div>\n<\/div><\/div>\n\n\n\n<div class=\"is-layout-flow wp-block-group\"><div class=\"wp-block-group__inner-container\">\n<p><\/p>\n\n\n\n<h4>AYPT \u2013 Forschungsforum junger Physiker, Austria<\/h4>\n\n\n\n<blockquote class=\"wp-block-quote\"><p>p.A. Universit\u00e4t Wien, Fakult\u00e4t f\u00fcr Physik, Physics Education, Boltzmanngasse 5, 1090 Wien, Austria<\/p><p><strong>Contact person:<\/strong> MSc. Michael Scherbela, Secretary General, <a href=\"mailto:michaelscherbela@gmail.com\">michaelscherbela@gmail.com<\/a> <\/p><\/blockquote>\n<\/div><\/div>\n\n\n\n<div class=\"is-layout-flow wp-block-group\"><div class=\"wp-block-group__inner-container\">\n<p><\/p>\n\n\n\n<h4>FOUNDATION OPEN SCIENCE, Bulgaria<\/h4>\n\n\n\n<blockquote class=\"wp-block-quote\"><p>BLVD. JAMES BOURCHER 5, Sofia 1164, Bulgaria <\/p><p><strong>Contact person:<\/strong> Assen Kyuldjiev, <a href=\"mailto:a.kyuldjiev@gmail.com\">a.kyuldjiev@gmail.com<\/a><\/p><\/blockquote>\n<\/div><\/div>\n\n\n\n<div class=\"is-layout-flow wp-block-group\"><div class=\"wp-block-group__inner-container\">\n<p><\/p>\n\n\n\n<h4>UNIVERZA V LJUBLJANI, Slovenia<\/h4>\n\n\n\n<blockquote class=\"wp-block-quote\"><p>KONGRESNI TRG 12, Ljubljana 1000, Slovenia <\/p><p><strong>Contact person:<\/strong> Sergej Faleti\u010d, Teaching assistant, <a href=\"mailto:sergej.faletic@fmf.uni-lj.si\">sergej.faletic@fmf.uni-lj.si<\/a><\/p><\/blockquote>\n<\/div><\/div>\n\n\n\n<div class=\"is-layout-flow wp-block-group\"><div class=\"wp-block-group__inner-container\">\n<h4>EOTVOS LORAND FIZIKAI TARSULAT, Hungary<\/h4>\n\n\n\n<blockquote class=\"wp-block-quote\"><p>1092 Budapest, R\u00e1day utca 18. fsz.\/3., Hungary <\/p><p><strong>Contact person:<\/strong> Dr. Mih\u00e1ly H\u00f6m\u00f6strei, Masterteacher, <a href=\"mailto:iypt@caesat.elte.hu\">iypt@caesat.elte.hu<\/a><\/p><\/blockquote>\n\n\n\n<p><\/p>\n<\/div><\/div>\n\n\n\n<div class=\"is-layout-flow wp-block-group\"><div class=\"wp-block-group__inner-container\">\n<h4>FYZIKALNI USTAV AV CR V.V.I, Czech Republic<\/h4>\n\n\n\n<blockquote class=\"wp-block-quote\"><p>NA SLOVANCE 2, 18221, PRAHA 8, Czech Republic <\/p><p><strong>Contact person:<\/strong> Hynek Nemec, Senior Scientist, <a href=\"mailto:nemec@fzu.cz\">nemec@fzu.cz<\/a><\/p><\/blockquote>\n<\/div><\/div>\n\n\n\n<div class=\"is-layout-flow wp-block-group\"><div class=\"wp-block-group__inner-container\">\n<p><\/p>\n\n\n\n<h4>WIRTSCHAFTSUNIVERSITAT WIEN, Austria<\/h4>\n\n\n\n<blockquote class=\"wp-block-quote\"><p>WELTHANDELSPLATZ 1, 1020 Wien, Austria  <\/p><p><strong>Contact person: <\/strong><\/p><p>Ass.Prof. Dr. Thomas Lindner, Assistant Professor, <a href=\"mailto:thomas.lindner@wu.ac.at\">thomas.lindner@wu.ac.at<\/a><\/p><p>Univ.-Prof. Dr. Jonas Puck, Head of Institute, <a href=\"mailto:jonas.puck@wu.ac.at\">jonas.puck@wu.ac.at<\/a> <\/p><\/blockquote>\n<\/div><\/div>\n","protected":false},"excerpt":{"rendered":"<p>FYZIKALNY USTAV SLOVENSKEJ AKADEMIE VIED, Slovakia D\u00fabravsk\u00e1 cesta 5807\/9, 845 11 Bratislava 45, Slovakia Contact person: Assoc. Prof. Martin Plesch, Ph.D., martin.plesch@savba.sk AYPT \u2013 Forschungsforum junger Physiker, Austria p.A. Universit\u00e4t Wien, Fakult\u00e4t f\u00fcr Physik, Physics Education, Boltzmanngasse 5, 1090 Wien, Austria Contact person: MSc. Michael Scherbela, Secretary General, michaelscherbela@gmail.com FOUNDATION OPEN SCIENCE, Bulgaria BLVD. JAMES BOURCHER 5, Sofia 1164, Bulgaria [&hellip;]<\/p>\n","protected":false},"author":1,"featured_media":0,"parent":0,"menu_order":4,"comment_status":"closed","ping_status":"closed","template":"","meta":[],"_links":{"self":[{"href":"https:\/\/dibali.sav.sk\/index.php\/wp-json\/wp\/v2\/pages\/29"}],"collection":[{"href":"https:\/\/dibali.sav.sk\/index.php\/wp-json\/wp\/v2\/pages"}],"about":[{"href":"https:\/\/dibali.sav.sk\/index.php\/wp-json\/wp\/v2\/types\/page"}],"author":[{"embeddable":true,"href":"https:\/\/dibali.sav.sk\/index.php\/wp-json\/wp\/v2\/users\/1"}],"replies":[{"embeddable":true,"href":"https:\/\/dibali.sav.sk\/index.php\/wp-json\/wp\/v2\/comments?post=29"}],"version-history":[{"count":23,"href":"https:\/\/dibali.sav.sk\/index.php\/wp-json\/wp\/v2\/pages\/29\/revisions"}],"predecessor-version":[{"id":306,"href":"https:\/\/dibali.sav.sk\/index.php\/wp-json\/wp\/v2\/pages\/29\/revisions\/306"}],"wp:attachment":[{"href":"https:\/\/dibali.sav.sk\/index.php\/wp-json\/wp\/v2\/media?parent=29"}],"curies":[{"name":"wp","href":"https:\/\/api.w.org\/{rel}","templated":true}]}}